{"id":1386,"date":"2022-07-26T22:11:59","date_gmt":"2022-07-26T21:11:59","guid":{"rendered":"https:\/\/abicos.de\/cms\/?page_id=1386"},"modified":"2022-07-26T22:12:00","modified_gmt":"2022-07-26T21:12:00","slug":"kuendigung","status":"publish","type":"page","link":"https:\/\/abicos.de\/cms\/kuendigung\/","title":{"rendered":"K\u00fcndigung"},"content":{"rendered":"<div class=\"everest-forms\"><div class=\"evf-container default\" id=\"evf-1385\"><form id=\"evf-form-1385\" class=\"everest-form\" data-formid=\"1385\" data-ajax_submission=\"0\" data-keyboard_friendly_form=\"0\" data-form_state_type=\"\" method=\"post\" enctype=\"multipart\/form-data\" action=\"\/cms\/wp-json\/wp\/v2\/pages\/1386\"><div class=\"evf-field-container\"><input type=\"hidden\" id=\"_wpnonce1385\" name=\"_wpnonce1385\" value=\"0f4c20d01b\" \/><input type=\"hidden\" name=\"_wp_http_referer\" value=\"\/cms\/wp-json\/wp\/v2\/pages\/1386\" \/><div class=\"evf-frontend-row\" data-row=\"row_1\" conditional_rules=\"[]\"><div class=\"evf-frontend-grid evf-grid-1\" data-grid=\"grid_1\"><div id=\"evf-1385-field_lVizlNhYus-1-container\" class=\"evf-field evf-field-text form-row validate-required\" data-required-field-message=\"Dieses Feld muss ausgew\u00e4hlt werden um fortfahren zu k\u00f6nnen.\" data-field-id=\"lVizlNhYus-1\"><label class=\"evf-field-label\" for=\"evf-1385-field_lVizlNhYus-1\"><span class=\"evf-label\">Name<\/span> <abbr class=\"required\" title=\"Required\">*<\/abbr><\/label><input type=\"text\" id=\"evf-1385-field_lVizlNhYus-1\" class=\"input-text\" name=\"everest_forms[form_fields][lVizlNhYus-1]\" required><\/div><div id=\"evf-1385-field_XYnMdkQDKM-3-container\" class=\"evf-field evf-field-email form-row validate-required validate-email\" data-required-field-message=\"Bitte geben Sie eine g\u00fcltige E-Mailadresse ein.\" data-field-id=\"XYnMdkQDKM-3\"><label class=\"evf-field-label\" for=\"evf-1385-field_XYnMdkQDKM-3\"><span class=\"evf-label\">Email<\/span> <abbr class=\"required\" title=\"Required\">*<\/abbr><\/label><input type=\"email\" id=\"evf-1385-field_XYnMdkQDKM-3\" class=\"input-text\" name=\"everest_forms[form_fields][XYnMdkQDKM-3]\" required ><\/div><div id=\"evf-1385-field_xJivsqAS2c-2-container\" class=\"evf-field evf-field-text form-row validate-required\" data-required-field-message=\"Dieses Feld muss ausgew\u00e4hlt werden um fortfahren zu k\u00f6nnen.\" data-field-id=\"xJivsqAS2c-2\"><label class=\"evf-field-label\" for=\"evf-1385-field_xJivsqAS2c-2\"><span class=\"evf-label\">Kundennummer<\/span> <abbr class=\"required\" title=\"Required\">*<\/abbr><\/label><input type=\"text\" id=\"evf-1385-field_xJivsqAS2c-2\" class=\"input-text\" name=\"everest_forms[form_fields][xJivsqAS2c-2]\" required><\/div><div id=\"evf-1385-field_WBuBEeWku2-11-container\" class=\"evf-field evf-field-text form-row validate-required\" data-required-field-message=\"Dieses Feld muss ausgew\u00e4hlt werden um fortfahren zu k\u00f6nnen.\" data-field-id=\"WBuBEeWku2-11\"><label class=\"evf-field-label\" for=\"evf-1385-field_WBuBEeWku2-11\"><span class=\"evf-label\">Geburtsdatum des Vertragsinhabers<\/span> <abbr class=\"required\" title=\"Required\">*<\/abbr><\/label><input type=\"text\" id=\"evf-1385-field_WBuBEeWku2-11\" class=\"input-text\" name=\"everest_forms[form_fields][WBuBEeWku2-11]\" required><\/div><div id=\"evf-1385-field_82kaAPhrnW-6-container\" class=\"evf-field evf-field-select form-row validate-required\" data-required-field-message=\"Dieses Feld muss ausgew\u00e4hlt werden um fortfahren zu k\u00f6nnen.\" data-field-id=\"82kaAPhrnW-6\"><label class=\"evf-field-label\" for=\"evf-1385-field_82kaAPhrnW-6\"><span class=\"evf-label\">Aus welcher Produktkategorie m\u00f6chten Sie k\u00fcndigen?<\/span> <abbr class=\"required\" title=\"Required\">*<\/abbr><\/label><select id=\"evf-1385-field_82kaAPhrnW-6\" class=\"input-text evf-field-required\" name=\"everest_forms[form_fields][82kaAPhrnW-6]\" required=\"required\" ><option value=\"DSL \/ Mobilfunk \/ Glasfaser\" >DSL \/ Mobilfunk \/ Glasfaser<\/option><option value=\"Domain\" >Domain<\/option><option value=\"Webhosting\" >Webhosting<\/option><option value=\"Mietger\u00e4t\"  selected='selected'>Mietger\u00e4t<\/option><option value=\"Wartungsvertrag\" >Wartungsvertrag<\/option><\/select><div class=\"evf-field-description\">Bitte beachten Sie, dass \u00fcber dieses Formular ausschlie\u00dflich Vertr\u00e4ge gek\u00fcndigt werden k\u00f6nnen, die mit Andreas Bischof Computer Systeme (ABICOS) geschlossen wurden und abgerechnet werden. Vertr\u00e4ge die von uns zu einem Anbieter vermittelt wurden, k\u00f6nnen hier\u00fcber nicht gek\u00fcndigt werden. Die K\u00fcndigung ist \u00fcber den entsprechenden Anbieter abzuwickeln.<\/div><\/div><div id=\"evf-1385-field_rHTaLsiILI-9-container\" class=\"evf-field evf-field-select form-row validate-required\" data-required-field-message=\"Dieses Feld muss ausgew\u00e4hlt werden um fortfahren zu k\u00f6nnen.\" data-field-id=\"rHTaLsiILI-9\"><label class=\"evf-field-label\" for=\"evf-1385-field_rHTaLsiILI-9\"><span class=\"evf-label\">Wie m\u00f6chten Sie den Vertrag k\u00fcndigen?<\/span> <abbr class=\"required\" title=\"Required\">*<\/abbr><\/label><select id=\"evf-1385-field_rHTaLsiILI-9\" class=\"input-text evf-field-required\" name=\"everest_forms[form_fields][rHTaLsiILI-9]\" required=\"required\" ><option value=\"Ordentlich (fristgerecht)\" >Ordentlich (fristgerecht)<\/option><option value=\"Au\u00dferordentlich - wegen Umzug\" >Au\u00dferordentlich - wegen Umzug<\/option><option value=\"Au\u00dferordentlich - Sterbefall\" >Au\u00dferordentlich - Sterbefall<\/option><option value=\"Au\u00dferordentlich - Sonstige\" >Au\u00dferordentlich - Sonstige<\/option><\/select><\/div><div id=\"evf-1385-field_MJMDi8ZqPV-8-container\" class=\"evf-field evf-field-select form-row validate-required\" data-required-field-message=\"Dieses Feld muss ausgew\u00e4hlt werden um fortfahren zu k\u00f6nnen.\" data-field-id=\"MJMDi8ZqPV-8\"><label class=\"evf-field-label\" for=\"evf-1385-field_MJMDi8ZqPV-8\"><span class=\"evf-label\">Zu wann m\u00f6chten Sie k\u00fcndigen?<\/span> <abbr class=\"required\" title=\"Required\">*<\/abbr><\/label><select id=\"evf-1385-field_MJMDi8ZqPV-8\" class=\"input-text evf-field-required\" name=\"everest_forms[form_fields][MJMDi8ZqPV-8]\" required=\"required\" ><option value=\"Zum n\u00e4chstm\u00f6glichen Zeitpunkt\" >Zum n\u00e4chstm\u00f6glichen Zeitpunkt<\/option><option value=\"Zu einem anderen Datum (bitte bei Nachricht angeben)\" >Zu einem anderen Datum (bitte bei Nachricht angeben)<\/option><\/select><\/div><div id=\"evf-1385-field_YalaPcQ0DO-4-container\" class=\"evf-field evf-field-textarea form-row validate-required\" data-required-field-message=\"Dieses Feld muss ausgew\u00e4hlt werden um fortfahren zu k\u00f6nnen.\" data-field-id=\"YalaPcQ0DO-4\"><label class=\"evf-field-label\" for=\"evf-1385-field_YalaPcQ0DO-4\"><span class=\"evf-label\">Nachricht<\/span> <abbr class=\"required\" title=\"Required\">*<\/abbr><\/label><textarea id=\"evf-1385-field_YalaPcQ0DO-4\" class=\"input-text\" name=\"everest_forms[form_fields][YalaPcQ0DO-4]\" required ><\/textarea><div class=\"evf-field-description\">Bitte geben Sie hier genau an, welche Produkte gek\u00fcndigt werden sollen.<\/div><\/div><\/div><\/div><\/div><div class=\"evf-honeypot-container evf-field-hp\"><label for=\"evf-1385-field-hp\" class=\"evf-field-label\">Email<\/label><input type=\"text\" name=\"everest_forms[hp]\" id=\"evf-1385-field-hp\" class=\"input-text\"><\/div><div class=\"evf-submit-container \" ><input type=\"hidden\" name=\"everest_forms[id]\" value=\"1385\"><input type=\"hidden\" name=\"everest_forms[author]\" value=\"1\"><button type='submit' name='everest_forms[submit]' class='everest-forms-submit-button button evf-submit ' id='evf-submit-1385' value='evf-submit' data-process-text=\"versende\u2026\" conditional_rules='&quot;&quot;' conditional_id='evf-submit-1385'  id=\"evf-submit-1385\" aria-live=\"assertive\">K\u00fcndigung absenden<\/button><\/div><\/form><\/div><!-- .evf-container --><\/div>\n","protected":false},"excerpt":{"rendered":"","protected":false},"author":1,"featured_media":0,"parent":0,"menu_order":0,"comment_status":"closed","ping_status":"closed","template":"","meta":{"colormag_page_container_layout":"default_layout","colormag_page_sidebar_layout":"default_layout","jetpack_post_was_ever_published":false,"footnotes":""},"class_list":["post-1386","page","type-page","status-publish","hentry"],"jetpack_shortlink":"https:\/\/wp.me\/PbgHd5-mm","jetpack_sharing_enabled":true,"_links":{"self":[{"href":"https:\/\/abicos.de\/cms\/wp-json\/wp\/v2\/pages\/1386","targetHints":{"allow":["GET"]}}],"collection":[{"href":"https:\/\/abicos.de\/cms\/wp-json\/wp\/v2\/pages"}],"about":[{"href":"https:\/\/abicos.de\/cms\/wp-json\/wp\/v2\/types\/page"}],"author":[{"embeddable":true,"href":"https:\/\/abicos.de\/cms\/wp-json\/wp\/v2\/users\/1"}],"replies":[{"embeddable":true,"href":"https:\/\/abicos.de\/cms\/wp-json\/wp\/v2\/comments?post=1386"}],"version-history":[{"count":1,"href":"https:\/\/abicos.de\/cms\/wp-json\/wp\/v2\/pages\/1386\/revisions"}],"predecessor-version":[{"id":1387,"href":"https:\/\/abicos.de\/cms\/wp-json\/wp\/v2\/pages\/1386\/revisions\/1387"}],"wp:attachment":[{"href":"https:\/\/abicos.de\/cms\/wp-json\/wp\/v2\/media?parent=1386"}],"curies":[{"name":"wp","href":"https:\/\/api.w.org\/{rel}","templated":true}]}}