{"id":774,"date":"2019-02-01T16:48:27","date_gmt":"2019-02-01T16:48:27","guid":{"rendered":"https:\/\/abicos.de\/cms\/?page_id=774"},"modified":"2019-02-01T16:48:28","modified_gmt":"2019-02-01T16:48:28","slug":"umf-motorsport","status":"publish","type":"page","link":"https:\/\/abicos.de\/cms\/umf-motorsport\/","title":{"rendered":"UMF Motorsport"},"content":{"rendered":"\n<p>Gegr\u00fcndet 1995 durch Ulrich und Mario F\u00fcbrich begann die Arbeit noch im kleinen Rahmen und begrenzten M\u00f6glichkeiten. Da Mario noch Geselle im KFZ-Handwerk war konnte der Betrieb in Richtung Werkstatt und Reifenhandel entwickelt werden. Seit seinem Ausscheiden 2002 hat der Betrieb dann seine Bem\u00fchungen als Werkstatt eingestellt und sich ab 2003 mit dem neuen Teilhaber Patrick F\u00fcbrich zum reinen Handels- und Reifenmontagebetrieb entwickelt hat sich auch das Unternehmen UMF Motorsport Schritt f\u00fcr Schritt weiter ausgebaut. Seit 2011 hatten wir dann die M\u00f6glichkeit, die Reifenmontage nicht mehr mit dem Wagenheber, sondern mit einer Hebeb\u00fchne in den Hallen auszuf\u00fchren. Ab da hat sich das Unternehmen Jahr f\u00fcr Jahr weiter gesteigert. Immer wieder weitere M\u00f6glichkeiten ergaben sich, so dass wir heute 2 Montiermaschinen, 2 Wuchtmaschinen, 2 Hebeb\u00fchnen, die R\u00e4dereinlagerung und die&nbsp;Montage von Reifendruckkontrollsystemen mit geeigneten Diagnosecomputern anbieten k\u00f6nnen. Auch im Handelsbereich k\u00f6nnen wir Ihnen Autoteile, Zubeh\u00f6rteile, Felgen und Tuningteile aller Marken anbieten. Den Einbau m\u00fcssen Sie allerdings selbst in die Hand nehmen.<\/p>\n\n\n\n<p>Dies alles haben wir unserem stetig anwachsenden Kundenstamm zu verdanken, bei dem wir uns auch hier an dieser Stelle bedanken m\u00f6chten. Wir legen gro\u00dfen Wert darauf, dass Sie mit unserer Dienstleistung zufrieden sind und stehen, auch wenn es mal nicht so l\u00e4uft, jedem Gespr\u00e4chspartner gerne&nbsp;zur Verf\u00fcgung. Auch wir sind Menschen und nicht Fehlerfrei.<\/p>\n","protected":false},"excerpt":{"rendered":"<p>Gegr\u00fcndet 1995 durch Ulrich und Mario F\u00fcbrich begann die Arbeit noch im kleinen Rahmen und<\/p>\n","protected":false},"author":1,"featured_media":0,"parent":0,"menu_order":0,"comment_status":"closed","ping_status":"closed","template":"","meta":{"colormag_page_container_layout":"default_layout","colormag_page_sidebar_layout":"default_layout","jetpack_post_was_ever_published":false,"footnotes":""},"class_list":["post-774","page","type-page","status-publish","hentry"],"jetpack_shortlink":"https:\/\/wp.me\/PbgHd5-cu","jetpack_sharing_enabled":true,"_links":{"self":[{"href":"https:\/\/abicos.de\/cms\/wp-json\/wp\/v2\/pages\/774","targetHints":{"allow":["GET"]}}],"collection":[{"href":"https:\/\/abicos.de\/cms\/wp-json\/wp\/v2\/pages"}],"about":[{"href":"https:\/\/abicos.de\/cms\/wp-json\/wp\/v2\/types\/page"}],"author":[{"embeddable":true,"href":"https:\/\/abicos.de\/cms\/wp-json\/wp\/v2\/users\/1"}],"replies":[{"embeddable":true,"href":"https:\/\/abicos.de\/cms\/wp-json\/wp\/v2\/comments?post=774"}],"version-history":[{"count":1,"href":"https:\/\/abicos.de\/cms\/wp-json\/wp\/v2\/pages\/774\/revisions"}],"predecessor-version":[{"id":775,"href":"https:\/\/abicos.de\/cms\/wp-json\/wp\/v2\/pages\/774\/revisions\/775"}],"wp:attachment":[{"href":"https:\/\/abicos.de\/cms\/wp-json\/wp\/v2\/media?parent=774"}],"curies":[{"name":"wp","href":"https:\/\/api.w.org\/{rel}","templated":true}]}}

<p>Gegründet 1995 durch Ulrich und Mario Fübrich begann die Arbeit noch im kleinen Rahmen und begrenzten Möglichkeiten. Da Mario noch Geselle im KFZ-Handwerk war konnte der Betrieb in Richtung Werkstatt und Reifenhandel entwickelt werden. Seit seinem Ausscheiden 2002 hat der Betrieb dann seine Bemühungen als Werkstatt eingestellt und sich ab 2003 mit dem neuen Teilhaber Patrick Fübrich zum reinen Handels- und Reifenmontagebetrieb entwickelt hat sich auch das Unternehmen UMF Motorsport Schritt für Schritt weiter ausgebaut. Seit 2011 hatten wir dann die Möglichkeit, die Reifenmontage nicht mehr mit dem Wagenheber, sondern mit einer Hebebühne in den Hallen auszuführen. Ab da hat sich das Unternehmen Jahr für Jahr weiter gesteigert. Immer wieder weitere Möglichkeiten ergaben sich, so dass wir heute 2 Montiermaschinen, 2 Wuchtmaschinen, 2 Hebebühnen, die Rädereinlagerung und die&nbsp;Montage von Reifendruckkontrollsystemen mit geeigneten Diagnosecomputern anbieten können. Auch im Handelsbereich können wir Ihnen Autoteile, Zubehörteile, Felgen und Tuningteile aller Marken anbieten. Den Einbau müssen Sie allerdings selbst in die Hand nehmen.</p>



<p>Dies alles haben wir unserem stetig anwachsenden Kundenstamm zu verdanken, bei dem wir uns auch hier an dieser Stelle bedanken möchten. Wir legen großen Wert darauf, dass Sie mit unserer Dienstleistung zufrieden sind und stehen, auch wenn es mal nicht so läuft, jedem Gesprächspartner gerne&nbsp;zur Verfügung. Auch wir sind Menschen und nicht Fehlerfrei.</p>

<p>Gegründet 1995 durch Ulrich und Mario Fübrich begann die Arbeit noch im kleinen Rahmen und</p>
